, what is 26 + -336?
-310
In base 5, what is -312 + 2424?
2112
In base 3, what is -111010222 + -101?
-111011100
In base 9, what is -2 - -67847?
67845
In base 13, what is -1 + 53b?
53a
In base 13, what is 5 - 41?
-39
In base 12, what is -12b060 - 1?
-12b061
In base 10, what is 28 - 2171?
-2143
In base 9, what is -5 + -55014?
-55020
In base 16, what is 6f5a + 71?
6fcb
In base 14, what is -1 + -5baa?
-5bab
In base 12, what is 68 - -b0?
158
In base 14, what is 1d7 + 7ca?
9c3
In base 4, what is -11113 - 30?
-11203
In base 5, what is -13 - -202233?
202220
In base 11, what is 76 + 1545?
1610
In base 5, what is 2 - -241411?
241413
In base 6, what is -1534 - 3313?
-5251
In base 11, what is 100 - -7a21?
8021
In base 7, what is 133411 + -5?
133403
In base 4, what is 11 + 11223032?
11223103
In base 4, what is -102 - -121301322?
121301220
In base 2, what is 1000111 + -110001011?
-101000100
In base 16, what is -28621 - -3?
-2861e
In base 11, what is 42 - -60492?
60524
In base 10, what is -4 - 97067?
-97071
In base 15, what is -b + 461?
455
In base 7, what is 26 - 145300?
-145241
In base 3, what is 1012 + 200211011?
200212100
In base 9, what is 164 - 211?
-36
In base 16, what is 20 - b8f?
-b6f
In base 5, what is 411 + 101343?
102304
In base 3, what is -12 - 2002211012?
-2002211101
In base 6, what is 2 - 14113?
-14111
In base 7, what is 1364 + -1020?
344
In base 13, what is 54 - -316?
36a
In base 15, what is -783d6 - -4?
-783d2
In base 9, what is 3532 + -5?
3526
In base 7, what is -23505425 - -1?
-23505424
In base 6, what is 142400 - -2?
142402
In base 3, what is 20221 + 1112?
22110
In base 4, what is -213 + -323?
-1202
In base 7, what is 14606411 + 5?
14606416
In base 4, what is 1323 - 313331?
-312002
In base 3, what is 11010 + -10010?
1000
In base 4, what is 1310 + 10?
1320
In base 3, what is 11 - 2120112011212?
-2120112011201
In base 8, what is -5610 - 4?
-5614
In base 16, what is -2 + -33aa?
-33ac
In base 4, what is 2 + -110310?
-110302
In base 14, what is -15d5 + -2d?
-1624
In base 16, what is 3 - a66?
-a63
In base 4, what is -132 - -1010011?
1003213
In base 6, what is 502 - 3141?
-2235
In base 14, what is 43 + -58c9?
-5886
In base 12, what is 5 + 185?
18a
In base 10, what is 1 + 18937?
18938
In base 12, what is 203b0 - 74?
20338
In base 6, what is -4533 + -31350?
-40323
In base 5, what is -232222 - -144?
-232023
In base 6, what is 1322522 - -3?
1322525
In base 3, what is 10 - 1212010110?
-1212010100
In base 15, what is b32ea + 3?
b32ed
In base 7, what is 0 + 651615?
651615
In base 12, what is -15 + 19036?
19021
In base 5, what is -14 - -4111304?
4111240
In base 16, what is -25 - -2b7?
292
In base 10, what is -40585 + 0?
-40585
In base 5, what is -111432 + 133?
-111244
In base 3, what is 1100020002 - -202?
1100020211
In base 2, what is -101111 - -100101111011?
100101001100
In base 12, what is 868 - -20?
888
In base 5, what is 440 + -32344?
-31404
In base 14, what is 12 + -12b4?
-12a2
In base 4, what is -32313103 - 20?
-32313123
In base 5, what is 40240 - 23?
40212
In base 9, what is 6 + -1880?
-1873
In base 5, what is 3 - -4243042?
4243100
In base 12, what is -30a9 - -2?
-30a7
In base 10, what is -2582 - 105?
-2687
In base 12, what is -4320 - 56?
-4376
In base 5, what is -210 + -24022?
-24232
In base 3, what is -10121 - 111122?
-122020
In base 8, what is 346 + 74?
442
In base 6, what is 125 - -2114?
2243
In base 9, what is -2 + -35745?
-35747
In base 10, what is 37 - -33005?
33042
In base 2, what is 100110000 - 111011000101?
-110110010101
In base 12, what is a83 + -8b0?
193
In base 13, what is -101886 - 0?
-101886
In base 9, what is 5 - 16425?
-16420
In base 11, what is 1 - -9514?
9515
In base 11, what is 26 + 32030?
32056
In base 8, what is 1113 - 741?
152
In base 13, what is 5b + 13c?
19a
In base 16, what is 2169 + 15?
217e
In base 6, what is -3 - -300025?
300022
In base 3, what is 21 + 21000101202?
21000102000
In base 5, what is 10 + 42230134?
42230144
In base 14, what is -8 + -7220?
-7228
In base 12, what is 150 - 95?
77
In base 3, what is -10022 + -2101222?
-2112021
In base 7, what is 5 - 31165?
-31160
In base 7, what is 20634 - -2?
20636
In base 6, what is -2 + -33151?
-33153
In base 14, what is -34 + 673?
63d
In base 12, what is 0 + 58689?
58689
In base 15, what is 49 + 3723?
376c
In base 15, what is 5 + -1c322?
-1c31c
In base 11, what is 9 + 216793?
2167a1
In base 3, what is -12022001210 + 2?
-12022001201
In base 11, what is 46 + 51?
97
In base 8, what is -10424 + -15?
-10441
In base 15, what is 1c2c8 - d?
1c2ba
In base 2, what is -1001111110 - -11010001?
-110101101
In base 14, what is -16 - -3a94?
3a7c
In base 13, what is -11c - a3?
-1c2
In base 2, what is 1111000011 - 1101000?
1101011011
In base 4, what is -130 - -123013?
122223
In base 3, what is -221211 + -10011?
-1001222
In base 4, what is 10 + 1203231003?
1203231013
In base 12, what is 144b4 - 41?
14473
In base 7, what is 63 + 124566?
124662
In base 16, what is 2 + -47ad?
-47ab
In base 12, what is 798a + 4?
7992
In base 6, what is 0 + 3314005?
3314005
In base 11, what is 520 + 4a?
56a
In base 6, what is 1541202 + 3?
1541205
In base 15, what is -478d + 4?
-4789
In base 4, what is -1100 + 10200?
3100
In base 15, what is 1 - -ba894?
ba895
In base 7, what is -1512251 + -30?
-1512311
In base 3, what is 121011 + 10000?
201011
In base 15, what is b - -2ded?
2e09
In base 13, what is 3a - 394?
-357
In base 11, what is 2 + 50a3?
50a5
In base 6, what is 10 + 125253?
125303
In base 3, what is -11 - 2011102202?
-2011102220
In base 7, what is 11041 - -223?
11264
In base 10, what is 363 + 143?
506
In base 10, what is 20 - -2009?
2029
In base 9, what is -5370 + -37?
-5417
In base 16, what is -43e - 139?
-577
In base 5, what is -122334 + 2323?
-120011
In base 13, what is 10 - 16224?
-16214
In base 6, what is 310215 + -14?
310201
In base 10, what is 3 - -123175?
123178
In base 7, what is 220451 + -2?
220446
In base 7, what is -116 - 560313?
-560432
In base 2, what is 10 - -111110000001?
111110000011
In base 12, what is 11031 + -116?
10b17
In base 12, what is 4 + 4b9161?
4b9165
In base 8, what is 5 + -2124053?
-2124046
In base 10, what is -1245 + -46?
-1291
In base 4, what is -120032202 - -1?
-120032201
In base 12, what is -6 + -a281?
-a287
In base 4, what is -122012010102 + -1?
-122012010103
In base 16, what is 5f1 + 4e?
63f
In base 4, what is 33 - -10322?
11021
In base 14, what is -d2 + 13a?
48
In base 14, what is 13 - 2216?
-2203
In base 9, what is -6 + 815?
808
In base 5, what is 30421 + -242?
30124
In base 10, what is 517189 - 3?
517186
In base 12, what is -96a34 + -5?
-96a39
In base 13, what is -7a + 1649?
159c
In base 13, what is -36c991 + -2?
-36c993
In base 9, what is -5848 + -5?
-5854
In base 14, what is 638d - -d9?
6488
In base 8, what is 1432 + -1101?
331
In base 16, what is -84 + b7e?
afa
In base 14, what is -2500 + 0?
-2500
In base 2, what is -11100110001000 - 1?
-11100110001001
In base 11, what is 194889 - -5?
194893
In base 10, what is -3375 - -1345?
-2030
In base 3, what is 2012001110 - -22?
2012001202
In base 8, what is 256546 + 5?
256553
In base 7, what is -1242430 + 25?
-1242402
In base 13, what is -19 + 1b7?
19b
In base 4, what is 211 + 1100132?
1101003
In base 10, what is 458 + 1770?
2228
In base 12, what is -946881 + 3?
-94687a
In base 12, what is -2887 - 20?
-28a7
In base 12, what is -1 + b9b9?
b9b8
In base 16, what is 4b9 - 1?
4b8
In base 12, what is 2 - -3001?
3003
In base 11, what is 1013 - 65a?
464
In base 3, what is 2010002 - 11210?
1221022
In base 12, what is -4835 + -5?
-483a
In base 16, what is -19 - e5f?
-e78
In base 10, what is 25 - -5829?
5854
In base 4, what is 1230133130 + 1?
1230133131
In base 15, what is -9 - -ac3?
ab9
In base 12, what is 0 - 448395?
-448395
In base 5, what is -13240020 + -1?
-13240021
In base 7, what is -614 + -36620?
-40534
In base 2, what is -11000111000100011 + -10?
-11000111000100101
In base 11, what is 3 + -173a9?
-173a6
In base 11, what is -2 - 754?
-756
In base 11, what is -158 + 14?
-144
In base 16, what is 237d + 11?
238e
In base 4, what is -3 + 1100222323?
1100222320
In base 8, what is 51407 - 5?
51402
In base 7, what is 35 - -66346?
66414
In base 5, what is -101100 + -22?
-101122
In base 2, what is 11 + -101100100?
-101100001
In base 12,